{"id":53363,"date":"2022-11-09T12:48:03","date_gmt":"2022-11-09T12:48:03","guid":{"rendered":"https:\/\/new.ilmoliulampar.is\/product\/svort-gyllt-vegghilla-med-spegli\/"},"modified":"2024-08-01T14:00:51","modified_gmt":"2024-08-01T14:00:51","slug":"svort-gyllt-vegghilla-med-spegli","status":"publish","type":"product","link":"https:\/\/ilmoliulampar.is\/en_gb\/product\/svort-gyllt-vegghilla-med-spegli\/","title":{"rendered":"Sv\u00f6rt &#038; Gyllt Vegghilla me\u00f0 spegli 30% afsl\u00e1ttur"},"content":{"rendered":"","protected":false},"excerpt":{"rendered":"<p>\u00d3tr\u00falega falleg og v\u00f6ndu\u00f0 Vegghilla me\u00f0 spegli og tveim sk\u00faffum.<\/p>\n<p>D\u00f6kk \/ gyllt<\/p>\n<p>H\u00e6\u00f0 : 80 cm<\/p>\n<p>Breidd : 110 cm<\/p>\n<p>D\u00fdpt : 23 cm<\/p>","protected":false},"featured_media":45069,"comment_status":"closed","ping_status":"closed","template":"","meta":[],"product_brand":[],"product_cat":[132,230,121],"product_tag":[],"class_list":{"0":"post-53363","1":"product","2":"type-product","3":"status-publish","4":"has-post-thumbnail","6":"product_cat-heimilid-2","7":"product_cat-laekkadverd","8":"product_cat-tilbod-adrar-vorur","10":"first","11":"instock","12":"sale","13":"shipping-taxable","14":"purchasable","15":"product-type-simple"},"_links":{"self":[{"href":"https:\/\/ilmoliulampar.is\/en_gb\/wp-json\/wp\/v2\/product\/53363","targetHints":{"allow":["GET"]}}],"collection":[{"href":"https:\/\/ilmoliulampar.is\/en_gb\/wp-json\/wp\/v2\/product"}],"about":[{"href":"https:\/\/ilmoliulampar.is\/en_gb\/wp-json\/wp\/v2\/types\/product"}],"replies":[{"embeddable":true,"href":"https:\/\/ilmoliulampar.is\/en_gb\/wp-json\/wp\/v2\/comments?post=53363"}],"wp:featuredmedia":[{"embeddable":true,"href":"https:\/\/ilmoliulampar.is\/en_gb\/wp-json\/wp\/v2\/media\/45069"}],"wp:attachment":[{"href":"https:\/\/ilmoliulampar.is\/en_gb\/wp-json\/wp\/v2\/media?parent=53363"}],"wp:term":[{"taxonomy":"product_brand","embeddable":true,"href":"https:\/\/ilmoliulampar.is\/en_gb\/wp-json\/wp\/v2\/product_brand?post=53363"},{"taxonomy":"product_cat","embeddable":true,"href":"https:\/\/ilmoliulampar.is\/en_gb\/wp-json\/wp\/v2\/product_cat?post=53363"},{"taxonomy":"product_tag","embeddable":true,"href":"https:\/\/ilmoliulampar.is\/en_gb\/wp-json\/wp\/v2\/product_tag?post=53363"}],"curies":[{"name":"wp","href":"https:\/\/api.w.org\/{rel}","templated":true}]}}

Svört &#038; Gyllt Vegghilla með spegli 30% afsláttur

<p>Ótrúlega falleg og vönduð Vegghilla með spegli og tveim skúffum.</p>
<p>Dökk / gyllt</p>
<p>Hæð : 80 cm</p>
<p>Breidd : 110 cm</p>
<p>Dýpt : 23 cm</p>
