{"id":53454,"date":"2025-10-07T13:24:22","date_gmt":"2025-10-07T13:24:22","guid":{"rendered":"https:\/\/new.ilmoliulampar.is\/product\/john-lennon-veggmynd-i-ramma-79-x-104-cm\/"},"modified":"2026-03-25T16:40:04","modified_gmt":"2026-03-25T16:40:04","slug":"john-lennon-veggmynd-i-ramma-79-x-104-cm","status":"publish","type":"product","link":"https:\/\/ilmoliulampar.is\/en_gb\/product\/john-lennon-veggmynd-i-ramma-79-x-104-cm\/","title":{"rendered":"John Lennon Veggmynd \u00ed ramma 79 x 104 Cm Kare Designe"},"content":{"rendered":"","protected":false},"excerpt":{"rendered":"<p>Einst\u00f6k Mynd af go\u00f0inu John Lennon<\/p>\n<p>Ramminn er d\u00f6kkur m\u00e1lm rammi<\/p>\n<p>Ath myndin er b\u00fainn til \u00far samsettum t\u00f6lust\u00f6fum<\/p>\n<p>St\u00e6r\u00f0 79 x 104 Cm<\/p>","protected":false},"featured_media":49823,"comment_status":"closed","ping_status":"closed","template":"","meta":[],"product_brand":[],"product_cat":[132,230,252,121],"product_tag":[],"class_list":{"0":"post-53454","1":"product","2":"type-product","3":"status-publish","4":"has-post-thumbnail","6":"product_cat-heimilid-2","7":"product_cat-laekkadverd","8":"product_cat-myndirogrammar","9":"product_cat-tilbod-adrar-vorur","11":"first","12":"instock","13":"sale","14":"shipping-taxable","15":"purchasable","16":"product-type-simple"},"_links":{"self":[{"href":"https:\/\/ilmoliulampar.is\/en_gb\/wp-json\/wp\/v2\/product\/53454","targetHints":{"allow":["GET"]}}],"collection":[{"href":"https:\/\/ilmoliulampar.is\/en_gb\/wp-json\/wp\/v2\/product"}],"about":[{"href":"https:\/\/ilmoliulampar.is\/en_gb\/wp-json\/wp\/v2\/types\/product"}],"replies":[{"embeddable":true,"href":"https:\/\/ilmoliulampar.is\/en_gb\/wp-json\/wp\/v2\/comments?post=53454"}],"wp:featuredmedia":[{"embeddable":true,"href":"https:\/\/ilmoliulampar.is\/en_gb\/wp-json\/wp\/v2\/media\/49823"}],"wp:attachment":[{"href":"https:\/\/ilmoliulampar.is\/en_gb\/wp-json\/wp\/v2\/media?parent=53454"}],"wp:term":[{"taxonomy":"product_brand","embeddable":true,"href":"https:\/\/ilmoliulampar.is\/en_gb\/wp-json\/wp\/v2\/product_brand?post=53454"},{"taxonomy":"product_cat","embeddable":true,"href":"https:\/\/ilmoliulampar.is\/en_gb\/wp-json\/wp\/v2\/product_cat?post=53454"},{"taxonomy":"product_tag","embeddable":true,"href":"https:\/\/ilmoliulampar.is\/en_gb\/wp-json\/wp\/v2\/product_tag?post=53454"}],"curies":[{"name":"wp","href":"https:\/\/api.w.org\/{rel}","templated":true}]}}

John Lennon Veggmynd í ramma 79 x 104 Cm Kare Designe

<p>Einstök Mynd af goðinu John Lennon</p>
<p>Ramminn er dökkur málm rammi</p>
<p>Ath myndin er búinn til úr samsettum tölustöfum</p>
<p>Stærð 79 x 104 Cm</p>
