{"id":60669,"date":"2024-08-01T12:32:33","date_gmt":"2024-08-01T12:32:33","guid":{"rendered":"https:\/\/ilmoliulampar.is\/?post_type=product&#038;p=60669"},"modified":"2026-01-21T16:17:51","modified_gmt":"2026-01-21T16:17:51","slug":"fill-og-filsungi","status":"publish","type":"product","link":"https:\/\/ilmoliulampar.is\/en_gb\/product\/fill-og-filsungi\/","title":{"rendered":"F\u00edll og f\u00edlsungi"},"content":{"rendered":"","protected":false},"excerpt":{"rendered":"<p>\u00d3tr\u00falega falleg stytta<\/p>\n<p>St\u00e6r\u00f0<br \/>\nh\u00e6\u00f0 : 19 cm<br \/>\nBreidd 17,5 cm<br \/>\nD\u00fdpt : 8,5 cm<\/p>","protected":false},"featured_media":60672,"comment_status":"open","ping_status":"closed","template":"","meta":[],"product_brand":[],"product_cat":[132,251],"product_tag":[],"class_list":{"0":"post-60669","1":"product","2":"type-product","3":"status-publish","4":"has-post-thumbnail","6":"product_cat-heimilid-2","7":"product_cat-stytturogskulpturar","9":"first","10":"outofstock","11":"shipping-taxable","12":"purchasable","13":"product-type-simple"},"_links":{"self":[{"href":"https:\/\/ilmoliulampar.is\/en_gb\/wp-json\/wp\/v2\/product\/60669","targetHints":{"allow":["GET"]}}],"collection":[{"href":"https:\/\/ilmoliulampar.is\/en_gb\/wp-json\/wp\/v2\/product"}],"about":[{"href":"https:\/\/ilmoliulampar.is\/en_gb\/wp-json\/wp\/v2\/types\/product"}],"replies":[{"embeddable":true,"href":"https:\/\/ilmoliulampar.is\/en_gb\/wp-json\/wp\/v2\/comments?post=60669"}],"wp:featuredmedia":[{"embeddable":true,"href":"https:\/\/ilmoliulampar.is\/en_gb\/wp-json\/wp\/v2\/media\/60672"}],"wp:attachment":[{"href":"https:\/\/ilmoliulampar.is\/en_gb\/wp-json\/wp\/v2\/media?parent=60669"}],"wp:term":[{"taxonomy":"product_brand","embeddable":true,"href":"https:\/\/ilmoliulampar.is\/en_gb\/wp-json\/wp\/v2\/product_brand?post=60669"},{"taxonomy":"product_cat","embeddable":true,"href":"https:\/\/ilmoliulampar.is\/en_gb\/wp-json\/wp\/v2\/product_cat?post=60669"},{"taxonomy":"product_tag","embeddable":true,"href":"https:\/\/ilmoliulampar.is\/en_gb\/wp-json\/wp\/v2\/product_tag?post=60669"}],"curies":[{"name":"wp","href":"https:\/\/api.w.org\/{rel}","templated":true}]}}

Fíll og fílsungi

<p>Ótrúlega falleg stytta</p>
<p>Stærð<br />
hæð : 19 cm<br />
Breidd 17,5 cm<br />
Dýpt : 8,5 cm</p>
