{"id":60965,"date":"2024-09-02T14:09:07","date_gmt":"2024-09-02T14:09:07","guid":{"rendered":"https:\/\/ilmoliulampar.is\/?post_type=product&#038;p=60965"},"modified":"2024-12-03T13:39:13","modified_gmt":"2024-12-03T13:39:13","slug":"bakki-med-bleiku-tigrisdyri","status":"publish","type":"product","link":"https:\/\/ilmoliulampar.is\/en_gb\/product\/bakki-med-bleiku-tigrisdyri\/","title":{"rendered":"Bakki me\u00f0 bleiku T\u00edgrisd\u00fdri"},"content":{"rendered":"","protected":false},"excerpt":{"rendered":"<p>\u00d3tr\u00falega flottur og \u00f6\u00f0ruv\u00edsi bakki me\u00f0 bleiku T\u00edgrisd\u00fdri<\/p>\n<p>St\u00e6r\u00f0 33 cm<\/p>","protected":false},"featured_media":60966,"comment_status":"open","ping_status":"closed","template":"","meta":[],"product_brand":[],"product_cat":[248,132],"product_tag":[],"class_list":{"0":"post-60965","1":"product","2":"type-product","3":"status-publish","4":"has-post-thumbnail","6":"product_cat-bakkarogglasamottur","7":"product_cat-heimilid-2","9":"first","10":"instock","11":"shipping-taxable","12":"purchasable","13":"product-type-simple"},"_links":{"self":[{"href":"https:\/\/ilmoliulampar.is\/en_gb\/wp-json\/wp\/v2\/product\/60965","targetHints":{"allow":["GET"]}}],"collection":[{"href":"https:\/\/ilmoliulampar.is\/en_gb\/wp-json\/wp\/v2\/product"}],"about":[{"href":"https:\/\/ilmoliulampar.is\/en_gb\/wp-json\/wp\/v2\/types\/product"}],"replies":[{"embeddable":true,"href":"https:\/\/ilmoliulampar.is\/en_gb\/wp-json\/wp\/v2\/comments?post=60965"}],"wp:featuredmedia":[{"embeddable":true,"href":"https:\/\/ilmoliulampar.is\/en_gb\/wp-json\/wp\/v2\/media\/60966"}],"wp:attachment":[{"href":"https:\/\/ilmoliulampar.is\/en_gb\/wp-json\/wp\/v2\/media?parent=60965"}],"wp:term":[{"taxonomy":"product_brand","embeddable":true,"href":"https:\/\/ilmoliulampar.is\/en_gb\/wp-json\/wp\/v2\/product_brand?post=60965"},{"taxonomy":"product_cat","embeddable":true,"href":"https:\/\/ilmoliulampar.is\/en_gb\/wp-json\/wp\/v2\/product_cat?post=60965"},{"taxonomy":"product_tag","embeddable":true,"href":"https:\/\/ilmoliulampar.is\/en_gb\/wp-json\/wp\/v2\/product_tag?post=60965"}],"curies":[{"name":"wp","href":"https:\/\/api.w.org\/{rel}","templated":true}]}}

Bakki með bleiku Tígrisdýri

<p>Ótrúlega flottur og öðruvísi bakki með bleiku Tígrisdýri</p>
<p>Stærð 33 cm</p>
