{"id":61195,"date":"2025-09-18T13:32:06","date_gmt":"2025-09-18T13:32:06","guid":{"rendered":"https:\/\/ilmoliulampar.is\/?post_type=product&#038;p=61195"},"modified":"2026-03-25T16:39:10","modified_gmt":"2026-03-25T16:39:10","slug":"badherbergismynd-kare-2","status":"publish","type":"product","link":"https:\/\/ilmoliulampar.is\/en_gb\/product\/badherbergismynd-kare-2\/","title":{"rendered":"Ba\u00f0herbergismynd &#8211; Kare"},"content":{"rendered":"","protected":false},"excerpt":{"rendered":"<p>\u00d3Tr\u00falega flott og \u00f6\u00f0ruv\u00edsi glermynd fr\u00e1 Kare<\/p>\n<p>H\u00e6\u00f0 80 cm<br \/>\nBreidd 60 cm<\/p>\n<p>\u00deyngd 5 Kg<\/p>","protected":false},"featured_media":61139,"comment_status":"open","ping_status":"closed","template":"","meta":[],"product_brand":[],"product_cat":[132,230,252],"product_tag":[],"class_list":{"0":"post-61195","1":"product","2":"type-product","3":"status-publish","4":"has-post-thumbnail","6":"product_cat-heimilid-2","7":"product_cat-laekkadverd","8":"product_cat-myndirogrammar","10":"first","11":"instock","12":"sale","13":"shipping-taxable","14":"purchasable","15":"product-type-simple"},"_links":{"self":[{"href":"https:\/\/ilmoliulampar.is\/en_gb\/wp-json\/wp\/v2\/product\/61195","targetHints":{"allow":["GET"]}}],"collection":[{"href":"https:\/\/ilmoliulampar.is\/en_gb\/wp-json\/wp\/v2\/product"}],"about":[{"href":"https:\/\/ilmoliulampar.is\/en_gb\/wp-json\/wp\/v2\/types\/product"}],"replies":[{"embeddable":true,"href":"https:\/\/ilmoliulampar.is\/en_gb\/wp-json\/wp\/v2\/comments?post=61195"}],"wp:featuredmedia":[{"embeddable":true,"href":"https:\/\/ilmoliulampar.is\/en_gb\/wp-json\/wp\/v2\/media\/61139"}],"wp:attachment":[{"href":"https:\/\/ilmoliulampar.is\/en_gb\/wp-json\/wp\/v2\/media?parent=61195"}],"wp:term":[{"taxonomy":"product_brand","embeddable":true,"href":"https:\/\/ilmoliulampar.is\/en_gb\/wp-json\/wp\/v2\/product_brand?post=61195"},{"taxonomy":"product_cat","embeddable":true,"href":"https:\/\/ilmoliulampar.is\/en_gb\/wp-json\/wp\/v2\/product_cat?post=61195"},{"taxonomy":"product_tag","embeddable":true,"href":"https:\/\/ilmoliulampar.is\/en_gb\/wp-json\/wp\/v2\/product_tag?post=61195"}],"curies":[{"name":"wp","href":"https:\/\/api.w.org\/{rel}","templated":true}]}}

Baðherbergismynd &#8211; Kare

<p>ÓTrúlega flott og öðruvísi glermynd frá Kare</p>
<p>Hæð 80 cm<br />
Breidd 60 cm</p>
<p>Þyngd 5 Kg</p>
