{"id":62163,"date":"2024-12-13T15:12:24","date_gmt":"2024-12-13T15:12:24","guid":{"rendered":"https:\/\/ilmoliulampar.is\/?post_type=product&#038;p=62163"},"modified":"2026-01-29T13:37:28","modified_gmt":"2026-01-29T13:37:28","slug":"hreindyr-2-staerdir","status":"publish","type":"product","link":"https:\/\/ilmoliulampar.is\/en_gb\/product\/hreindyr-2-staerdir\/","title":{"rendered":"Hreind\u00fdr &#8211; 2 st\u00e6r\u00f0ir"},"content":{"rendered":"","protected":false},"excerpt":{"rendered":"<p>\u00d3tr\u00falega falleg gyllt hreind\u00fdr me\u00f0 demants\u00f3l<\/p>\n<p>2 st\u00e6r\u00f0ir<br \/>\nSt\u00e6rra<br \/>\nh\u00e6\u00f0 23 cm<br \/>\nLengd 18 cm<\/p>\n<p>Minna<br \/>\nH\u00e6\u00f0 15 cm<br \/>\nLend 12 cm<\/p>","protected":false},"featured_media":62164,"comment_status":"open","ping_status":"closed","template":"","meta":[],"product_brand":[],"product_cat":[136],"product_tag":[],"class_list":{"0":"post-62163","1":"product","2":"type-product","3":"status-publish","4":"has-post-thumbnail","6":"product_cat-jol","8":"first","9":"outofstock","10":"shipping-taxable","11":"purchasable","12":"product-type-variable"},"_links":{"self":[{"href":"https:\/\/ilmoliulampar.is\/en_gb\/wp-json\/wp\/v2\/product\/62163","targetHints":{"allow":["GET"]}}],"collection":[{"href":"https:\/\/ilmoliulampar.is\/en_gb\/wp-json\/wp\/v2\/product"}],"about":[{"href":"https:\/\/ilmoliulampar.is\/en_gb\/wp-json\/wp\/v2\/types\/product"}],"replies":[{"embeddable":true,"href":"https:\/\/ilmoliulampar.is\/en_gb\/wp-json\/wp\/v2\/comments?post=62163"}],"wp:featuredmedia":[{"embeddable":true,"href":"https:\/\/ilmoliulampar.is\/en_gb\/wp-json\/wp\/v2\/media\/62164"}],"wp:attachment":[{"href":"https:\/\/ilmoliulampar.is\/en_gb\/wp-json\/wp\/v2\/media?parent=62163"}],"wp:term":[{"taxonomy":"product_brand","embeddable":true,"href":"https:\/\/ilmoliulampar.is\/en_gb\/wp-json\/wp\/v2\/product_brand?post=62163"},{"taxonomy":"product_cat","embeddable":true,"href":"https:\/\/ilmoliulampar.is\/en_gb\/wp-json\/wp\/v2\/product_cat?post=62163"},{"taxonomy":"product_tag","embeddable":true,"href":"https:\/\/ilmoliulampar.is\/en_gb\/wp-json\/wp\/v2\/product_tag?post=62163"}],"curies":[{"name":"wp","href":"https:\/\/api.w.org\/{rel}","templated":true}]}}

Hreindýr &#8211; 2 stærðir

<p>Ótrúlega falleg gyllt hreindýr með demantsól</p>
<p>2 stærðir<br />
Stærra<br />
hæð 23 cm<br />
Lengd 18 cm</p>
<p>Minna<br />
Hæð 15 cm<br />
Lend 12 cm</p>
