{"id":62200,"date":"2024-12-16T12:28:56","date_gmt":"2024-12-16T12:28:56","guid":{"rendered":"https:\/\/ilmoliulampar.is\/?post_type=product&#038;p=62200"},"modified":"2026-02-23T12:23:01","modified_gmt":"2026-02-23T12:23:01","slug":"bollar-hvitir-gylltir","status":"publish","type":"product","link":"https:\/\/ilmoliulampar.is\/en_gb\/product\/bollar-hvitir-gylltir\/","title":{"rendered":"Bollar &#8211; Hv\u00edtir &#038; gylltir"},"content":{"rendered":"","protected":false},"excerpt":{"rendered":"<p>\u00d3tr\u00falega flottir hv\u00edtir &amp; gylltir postul\u00edns bollar fr\u00e1 Werner Voss<\/p>\n<p>6 mynstur \u00ed bo\u00f0i<br \/>\nSt\u00e6r\u00f0<br \/>\nH\u00e6\u00f0 11 cm<br \/>\nBreidd 8,7 cm<\/p>","protected":false},"featured_media":62208,"comment_status":"open","ping_status":"closed","template":"","meta":[],"product_brand":[],"product_cat":[255,132,136],"product_tag":[],"class_list":{"0":"post-62200","1":"product","2":"type-product","3":"status-publish","4":"has-post-thumbnail","6":"product_cat-bordbunadur","7":"product_cat-heimilid-2","8":"product_cat-jol","10":"first","11":"instock","12":"shipping-taxable","13":"purchasable","14":"product-type-variable"},"_links":{"self":[{"href":"https:\/\/ilmoliulampar.is\/en_gb\/wp-json\/wp\/v2\/product\/62200","targetHints":{"allow":["GET"]}}],"collection":[{"href":"https:\/\/ilmoliulampar.is\/en_gb\/wp-json\/wp\/v2\/product"}],"about":[{"href":"https:\/\/ilmoliulampar.is\/en_gb\/wp-json\/wp\/v2\/types\/product"}],"replies":[{"embeddable":true,"href":"https:\/\/ilmoliulampar.is\/en_gb\/wp-json\/wp\/v2\/comments?post=62200"}],"wp:featuredmedia":[{"embeddable":true,"href":"https:\/\/ilmoliulampar.is\/en_gb\/wp-json\/wp\/v2\/media\/62208"}],"wp:attachment":[{"href":"https:\/\/ilmoliulampar.is\/en_gb\/wp-json\/wp\/v2\/media?parent=62200"}],"wp:term":[{"taxonomy":"product_brand","embeddable":true,"href":"https:\/\/ilmoliulampar.is\/en_gb\/wp-json\/wp\/v2\/product_brand?post=62200"},{"taxonomy":"product_cat","embeddable":true,"href":"https:\/\/ilmoliulampar.is\/en_gb\/wp-json\/wp\/v2\/product_cat?post=62200"},{"taxonomy":"product_tag","embeddable":true,"href":"https:\/\/ilmoliulampar.is\/en_gb\/wp-json\/wp\/v2\/product_tag?post=62200"}],"curies":[{"name":"wp","href":"https:\/\/api.w.org\/{rel}","templated":true}]}}

Bollar &#8211; Hvítir &#038; gylltir

<p>Ótrúlega flottir hvítir &amp; gylltir postulíns bollar frá Werner Voss</p>
<p>6 mynstur í boði<br />
Stærð<br />
Hæð 11 cm<br />
Breidd 8,7 cm</p>
