{"id":62224,"date":"2024-12-17T10:56:37","date_gmt":"2024-12-17T10:56:37","guid":{"rendered":"https:\/\/ilmoliulampar.is\/?post_type=product&#038;p=62224"},"modified":"2026-01-16T14:27:27","modified_gmt":"2026-01-16T14:27:27","slug":"postulin-bollar","status":"publish","type":"product","link":"https:\/\/ilmoliulampar.is\/en_gb\/product\/postulin-bollar\/","title":{"rendered":"Postul\u00edns bollar"},"content":{"rendered":"","protected":false},"excerpt":{"rendered":"<p>\u00d3tr\u00falega fallegir postul\u00ednsbollar fr\u00e1 Werner Voss<br \/>\nKoma \u00ed 4 litum me\u00f0 fallegum bl\u00f3mum a\u00f0 innan.<\/p>\n<p>St\u00e6r\u00f0<br \/>\nH\u00e6\u00f0 11 cm<br \/>\nBreidd 8,5<br \/>\nBreidd me\u00f0 haldi : 12 cm<\/p>","protected":false},"featured_media":62225,"comment_status":"open","ping_status":"closed","template":"","meta":[],"product_brand":[],"product_cat":[255,132],"product_tag":[],"class_list":{"0":"post-62224","1":"product","2":"type-product","3":"status-publish","4":"has-post-thumbnail","6":"product_cat-bordbunadur","7":"product_cat-heimilid-2","9":"first","10":"instock","11":"shipping-taxable","12":"purchasable","13":"product-type-variable"},"_links":{"self":[{"href":"https:\/\/ilmoliulampar.is\/en_gb\/wp-json\/wp\/v2\/product\/62224","targetHints":{"allow":["GET"]}}],"collection":[{"href":"https:\/\/ilmoliulampar.is\/en_gb\/wp-json\/wp\/v2\/product"}],"about":[{"href":"https:\/\/ilmoliulampar.is\/en_gb\/wp-json\/wp\/v2\/types\/product"}],"replies":[{"embeddable":true,"href":"https:\/\/ilmoliulampar.is\/en_gb\/wp-json\/wp\/v2\/comments?post=62224"}],"wp:featuredmedia":[{"embeddable":true,"href":"https:\/\/ilmoliulampar.is\/en_gb\/wp-json\/wp\/v2\/media\/62225"}],"wp:attachment":[{"href":"https:\/\/ilmoliulampar.is\/en_gb\/wp-json\/wp\/v2\/media?parent=62224"}],"wp:term":[{"taxonomy":"product_brand","embeddable":true,"href":"https:\/\/ilmoliulampar.is\/en_gb\/wp-json\/wp\/v2\/product_brand?post=62224"},{"taxonomy":"product_cat","embeddable":true,"href":"https:\/\/ilmoliulampar.is\/en_gb\/wp-json\/wp\/v2\/product_cat?post=62224"},{"taxonomy":"product_tag","embeddable":true,"href":"https:\/\/ilmoliulampar.is\/en_gb\/wp-json\/wp\/v2\/product_tag?post=62224"}],"curies":[{"name":"wp","href":"https:\/\/api.w.org\/{rel}","templated":true}]}}

Postulíns bollar

<p>Ótrúlega fallegir postulínsbollar frá Werner Voss<br />
Koma í 4 litum með fallegum blómum að innan.</p>
<p>Stærð<br />
Hæð 11 cm<br />
Breidd 8,5<br />
Breidd með haldi : 12 cm</p>
