{"id":62278,"date":"2024-12-19T12:53:12","date_gmt":"2024-12-19T12:53:12","guid":{"rendered":"https:\/\/ilmoliulampar.is\/?post_type=product&#038;p=62278"},"modified":"2025-05-30T16:39:50","modified_gmt":"2025-05-30T16:39:50","slug":"giraffi-vegglampi","status":"publish","type":"product","link":"https:\/\/ilmoliulampar.is\/en_gb\/product\/giraffi-vegglampi\/","title":{"rendered":"G\u00edraffi &#8211; Vegglampi"},"content":{"rendered":"","protected":false},"excerpt":{"rendered":"<p>\u00d3tr\u00falega s\u00e6tur G\u00edraffi, gylltur vegglampi<\/p>\n<p>St\u00e6r\u00f0<br \/>\nH\u00e6\u00f0 61 cm<br \/>\nBreidd 21 cm<\/p>\n<p>E27 Pera ( ATH Pera fylgjir ekki me\u00f0 )<\/p>\n<p>Sn\u00faran er 2 metra l\u00f6ng<\/p>","protected":false},"featured_media":62279,"comment_status":"open","ping_status":"closed","template":"","meta":[],"product_brand":[],"product_cat":[132,107,185],"product_tag":[],"class_list":{"0":"post-62278","1":"product","2":"type-product","3":"status-publish","4":"has-post-thumbnail","6":"product_cat-heimilid-2","7":"product_cat-lampar","8":"product_cat-vegglampar","10":"first","11":"instock","12":"shipping-taxable","13":"purchasable","14":"product-type-simple"},"_links":{"self":[{"href":"https:\/\/ilmoliulampar.is\/en_gb\/wp-json\/wp\/v2\/product\/62278","targetHints":{"allow":["GET"]}}],"collection":[{"href":"https:\/\/ilmoliulampar.is\/en_gb\/wp-json\/wp\/v2\/product"}],"about":[{"href":"https:\/\/ilmoliulampar.is\/en_gb\/wp-json\/wp\/v2\/types\/product"}],"replies":[{"embeddable":true,"href":"https:\/\/ilmoliulampar.is\/en_gb\/wp-json\/wp\/v2\/comments?post=62278"}],"wp:featuredmedia":[{"embeddable":true,"href":"https:\/\/ilmoliulampar.is\/en_gb\/wp-json\/wp\/v2\/media\/62279"}],"wp:attachment":[{"href":"https:\/\/ilmoliulampar.is\/en_gb\/wp-json\/wp\/v2\/media?parent=62278"}],"wp:term":[{"taxonomy":"product_brand","embeddable":true,"href":"https:\/\/ilmoliulampar.is\/en_gb\/wp-json\/wp\/v2\/product_brand?post=62278"},{"taxonomy":"product_cat","embeddable":true,"href":"https:\/\/ilmoliulampar.is\/en_gb\/wp-json\/wp\/v2\/product_cat?post=62278"},{"taxonomy":"product_tag","embeddable":true,"href":"https:\/\/ilmoliulampar.is\/en_gb\/wp-json\/wp\/v2\/product_tag?post=62278"}],"curies":[{"name":"wp","href":"https:\/\/api.w.org\/{rel}","templated":true}]}}

Gíraffi &#8211; Vegglampi

<p>Ótrúlega sætur Gíraffi, gylltur vegglampi</p>
<p>Stærð<br />
Hæð 61 cm<br />
Breidd 21 cm</p>
<p>E27 Pera ( ATH Pera fylgjir ekki með )</p>
<p>Snúran er 2 metra löng</p>
