{"id":63350,"date":"2025-03-31T13:25:41","date_gmt":"2025-03-31T13:25:41","guid":{"rendered":"https:\/\/ilmoliulampar.is\/?post_type=product&#038;p=63350"},"modified":"2025-03-31T13:25:41","modified_gmt":"2025-03-31T13:25:41","slug":"bakki-svartur-gylltur-2-staerdir","status":"publish","type":"product","link":"https:\/\/ilmoliulampar.is\/en_gb\/product\/bakki-svartur-gylltur-2-staerdir\/","title":{"rendered":"Bakki svartur &#038; gylltur &#8211; 2 st\u00e6r\u00f0ir"},"content":{"rendered":"","protected":false},"excerpt":{"rendered":"<p>\u00d3tr\u00falega flottir og vanda\u00f0ir bakkar , svartir me\u00f0 gylltum sm\u00e1atri\u00f0um &amp; gylltu munnstri<\/p>\n<p>Minni bakki st\u00e6r\u00f0<br \/>\n40 x 25 x 4,5 cm<br \/>\nSt\u00e6rri bakki st\u00e6r\u00f0<br \/>\n45 x 30 x 4,5 cm<\/p>","protected":false},"featured_media":63353,"comment_status":"open","ping_status":"closed","template":"","meta":[],"product_brand":[],"product_cat":[248,132],"product_tag":[],"class_list":{"0":"post-63350","1":"product","2":"type-product","3":"status-publish","4":"has-post-thumbnail","6":"product_cat-bakkarogglasamottur","7":"product_cat-heimilid-2","9":"first","10":"instock","11":"shipping-taxable","12":"purchasable","13":"product-type-variable"},"_links":{"self":[{"href":"https:\/\/ilmoliulampar.is\/en_gb\/wp-json\/wp\/v2\/product\/63350","targetHints":{"allow":["GET"]}}],"collection":[{"href":"https:\/\/ilmoliulampar.is\/en_gb\/wp-json\/wp\/v2\/product"}],"about":[{"href":"https:\/\/ilmoliulampar.is\/en_gb\/wp-json\/wp\/v2\/types\/product"}],"replies":[{"embeddable":true,"href":"https:\/\/ilmoliulampar.is\/en_gb\/wp-json\/wp\/v2\/comments?post=63350"}],"wp:featuredmedia":[{"embeddable":true,"href":"https:\/\/ilmoliulampar.is\/en_gb\/wp-json\/wp\/v2\/media\/63353"}],"wp:attachment":[{"href":"https:\/\/ilmoliulampar.is\/en_gb\/wp-json\/wp\/v2\/media?parent=63350"}],"wp:term":[{"taxonomy":"product_brand","embeddable":true,"href":"https:\/\/ilmoliulampar.is\/en_gb\/wp-json\/wp\/v2\/product_brand?post=63350"},{"taxonomy":"product_cat","embeddable":true,"href":"https:\/\/ilmoliulampar.is\/en_gb\/wp-json\/wp\/v2\/product_cat?post=63350"},{"taxonomy":"product_tag","embeddable":true,"href":"https:\/\/ilmoliulampar.is\/en_gb\/wp-json\/wp\/v2\/product_tag?post=63350"}],"curies":[{"name":"wp","href":"https:\/\/api.w.org\/{rel}","templated":true}]}}

Bakki svartur &#038; gylltur &#8211; 2 stærðir

<p>Ótrúlega flottir og vandaðir bakkar , svartir með gylltum smáatriðum &amp; gylltu munnstri</p>
<p>Minni bakki stærð<br />
40 x 25 x 4,5 cm<br />
Stærri bakki stærð<br />
45 x 30 x 4,5 cm</p>
