{"id":63558,"date":"2025-04-23T12:01:07","date_gmt":"2025-04-23T12:01:07","guid":{"rendered":"https:\/\/ilmoliulampar.is\/?post_type=product&#038;p=63558"},"modified":"2026-03-17T13:05:57","modified_gmt":"2026-03-17T13:05:57","slug":"mira-ilmoliulampi","status":"publish","type":"product","link":"https:\/\/ilmoliulampar.is\/en_gb\/product\/mira-ilmoliulampi\/","title":{"rendered":"MIRA &#8211; ilmol\u00edulampi"},"content":{"rendered":"","protected":false},"excerpt":{"rendered":"<p>Mira er d\u00e1samlega fallegur og st\u00edlhreinn, gylltur og me\u00f0 sandlitu\u00f0u tau\u00e1kl\u00e6\u00f0i.<br \/>\nMira ilmol\u00edulampinn er hanna\u00f0ur me\u00f0 sl\u00f6kun \u00ed huga og b\u00fd\u00f0ur upp \u00e1 hl\u00fdja LED-l\u00fdsingu, \u00fa\u00f0astillingu og r\u00f3andi <em data-start=\"425\" data-end=\"436\">Wind Down<\/em> ham sem hj\u00e1lpar \u00fe\u00e9r a\u00f0 slaka \u00e1, sofna e\u00f0a einfaldlega nj\u00f3ta kyrr\u00f0arinnar.<\/p>\n<p>Me\u00f0 \u00fev\u00ed a\u00f0 b\u00e6ta vi\u00f0 kranavatni og nokkrum dropum af upp\u00e1halds ilmol\u00edunni \u00feinni \u00ed \u00fa\u00f0ann, mun hann me\u00f0 \u00fev\u00ed a\u00f0 \u00fdta \u00e1 einn takka, um lei\u00f0 veita hitalausu og algj\u00f6rlega \u00f6ruggu f\u00ednu misti af ilmandi gufu \u00ed andr\u00famslofti\u00f0 til a\u00f0 \u00f6rva skilningarvitin og leyfa \u00fe\u00e9r a\u00f0 s\u00f6kkva ofan \u00ed afslappandi heim heilunar og jafnv\u00e6gis. Tali\u00f0 er a\u00f0 \u00feetta s\u00e9 besta lei\u00f0in til a\u00f0 \u00fa\u00f0a ilmi \u00ed andr\u00famslofti\u00f0, \u00fear sem enginn hiti er nota\u00f0ur og ol\u00edurnar brotna ekki ni\u00f0ur.<\/p>\n<p>Mira ilmol\u00edulamparnir hafa einnig \u00fa\u00f0astj\u00f3rnun sem skiptir sj\u00e1lfkrafa um \u00fa\u00f0un og gufu me\u00f0 sek\u00fandna millibili, sem er tilvali\u00f0 \u00feegar nota skal sterkari ilm.<\/p>\n<p>Ef \u00fe\u00fa notar \u00fa\u00f0ann \u00e1n ol\u00edu og ilms, getur\u00f0u samt sem \u00e1\u00f0ur noti\u00f0 rakans af \u00fa\u00f0anum en hann er tilvalinn til a\u00f0 vinna m\u00f3t \u00feurrki sem skapast af n\u00fat\u00edma upphitun og loftk\u00e6lingu.<\/p>\n<p>Mira slekkur \u00e1 s\u00e9r sj\u00e1lfur \u00feegar vatni\u00f0 fer ni\u00f0ur fyrir \u00e1kve\u00f0in m\u00f6rk, sem \u00fe\u00fd\u00f0ir a\u00f0 hann er fullkomlega \u00f6ruggur og tilvalinn til notkunar innan um b\u00f6rn og h\u00fasd\u00fdr.<\/p>\n<p>Mira er rakat\u00e6ki \u2013 j\u00f3nat\u00e6ki \u2013 hreinsun \u00e1 lofti \u2013 ilmgjafi ef vill og l\u00edti\u00f0 fallegt lj\u00f3s.<\/p>\n<p>St\u00e6r\u00f0 : 12,5 cm x 11 cm<\/p>\n<p>Kraftur: 10 w<\/p>\n<p>DC 5V<\/p>\n<p>Vatnsmagn: 140 ml<\/p>\n<p>Nokkrar stillingar eru \u00e1 b\u00e6\u00f0i gufu &amp; lj\u00f3si \u00e1 Mira.<br \/>\nHann getur veri\u00f0 \u00ed gangi \u00ed h\u00e1lfan s\u00f3lahring me\u00f0 einni stillingunni<\/p>\n<p>ATH USB sn\u00fara fylgir lampanum ( ekki kubburinn sj\u00e1lfur )<\/p>","protected":false},"featured_media":63559,"comment_status":"open","ping_status":"closed","template":"","meta":[],"product_brand":[],"product_cat":[182,107],"product_tag":[],"class_list":{"0":"post-63558","1":"product","2":"type-product","3":"status-publish","4":"has-post-thumbnail","6":"product_cat-ilmoliulampar","7":"product_cat-lampar","9":"first","10":"instock","11":"shipping-taxable","12":"purchasable","13":"product-type-simple"},"_links":{"self":[{"href":"https:\/\/ilmoliulampar.is\/en_gb\/wp-json\/wp\/v2\/product\/63558","targetHints":{"allow":["GET"]}}],"collection":[{"href":"https:\/\/ilmoliulampar.is\/en_gb\/wp-json\/wp\/v2\/product"}],"about":[{"href":"https:\/\/ilmoliulampar.is\/en_gb\/wp-json\/wp\/v2\/types\/product"}],"replies":[{"embeddable":true,"href":"https:\/\/ilmoliulampar.is\/en_gb\/wp-json\/wp\/v2\/comments?post=63558"}],"wp:featuredmedia":[{"embeddable":true,"href":"https:\/\/ilmoliulampar.is\/en_gb\/wp-json\/wp\/v2\/media\/63559"}],"wp:attachment":[{"href":"https:\/\/ilmoliulampar.is\/en_gb\/wp-json\/wp\/v2\/media?parent=63558"}],"wp:term":[{"taxonomy":"product_brand","embeddable":true,"href":"https:\/\/ilmoliulampar.is\/en_gb\/wp-json\/wp\/v2\/product_brand?post=63558"},{"taxonomy":"product_cat","embeddable":true,"href":"https:\/\/ilmoliulampar.is\/en_gb\/wp-json\/wp\/v2\/product_cat?post=63558"},{"taxonomy":"product_tag","embeddable":true,"href":"https:\/\/ilmoliulampar.is\/en_gb\/wp-json\/wp\/v2\/product_tag?post=63558"}],"curies":[{"name":"wp","href":"https:\/\/api.w.org\/{rel}","templated":true}]}}

MIRA &#8211; ilmolíulampi

<p>Mira er dásamlega fallegur og stílhreinn, gylltur og með sandlituðu tauáklæði.<br />
Mira ilmolíulampinn er hannaður með slökun í huga og býður upp á hlýja LED-lýsingu, úðastillingu og róandi <em data-start="425" data-end="436">Wind Down</em> ham sem hjálpar þér að slaka á, sofna eða einfaldlega njóta kyrrðarinnar.</p>
<p>Með því að bæta við kranavatni og nokkrum dropum af uppáhalds ilmolíunni þinni í úðann, mun hann með því að ýta á einn takka, um leið veita hitalausu og algjörlega öruggu fínu misti af ilmandi gufu í andrúmsloftið til að örva skilningarvitin og leyfa þér að sökkva ofan í afslappandi heim heilunar og jafnvægis. Talið er að þetta sé besta leiðin til að úða ilmi í andrúmsloftið, þar sem enginn hiti er notaður og olíurnar brotna ekki niður.</p>
<p>Mira ilmolíulamparnir hafa einnig úðastjórnun sem skiptir sjálfkrafa um úðun og gufu með sekúndna millibili, sem er tilvalið þegar nota skal sterkari ilm.</p>
<p>Ef þú notar úðann án olíu og ilms, geturðu samt sem áður notið rakans af úðanum en hann er tilvalinn til að vinna mót þurrki sem skapast af nútíma upphitun og loftkælingu.</p>
<p>Mira slekkur á sér sjálfur þegar vatnið fer niður fyrir ákveðin mörk, sem þýðir að hann er fullkomlega öruggur og tilvalinn til notkunar innan um börn og húsdýr.</p>
<p>Mira er rakatæki – jónatæki – hreinsun á lofti – ilmgjafi ef vill og lítið fallegt ljós.</p>
<p>Stærð : 12,5 cm x 11 cm</p>
<p>Kraftur: 10 w</p>
<p>DC 5V</p>
<p>Vatnsmagn: 140 ml</p>
<p>Nokkrar stillingar eru á bæði gufu &amp; ljósi á Mira.<br />
Hann getur verið í gangi í hálfan sólahring með einni stillingunni</p>
<p>ATH USB snúra fylgir lampanum ( ekki kubburinn sjálfur )</p>
